 b**2 - 27*b + 56. Let j be w(25). Suppose -420 + 1044 = j*l. What are the prime factors of l?
2, 13
List the prime factors of ((-4)/14)/(-3*(-6)/(-24066)).
2, 191
Let k = -4 - -8. Suppose -3 = -q - 4*t + t, -k*t = -q + 3. Suppose -5*o - 115 = -2*v, 220 = 5*v + q*o - 2*o. What are the prime factors of v?
3, 5
Suppose -q - 3*b + 6 + 8 = 0, -b = -2*q + 28. Suppose -q + 2 = -3*m. Suppose m*u - 31 = 13. What are the prime factors of u?
11
Let h(z) = z**3 - 58*z**2 + 6*z - 132. What are the prime factors of h(58)?
2, 3
Let x be (-1)/(((-15)/(-183))/5). Let d = -25 - x. List the prime factors of d.
2, 3
List the prime factors of (13/39)/((-1)/3) - -748.
3, 83
Suppose -d = 30 - 716. What are the prime factors of d?
2, 7
Suppose k + 3 = 2, 0 = 2*t - 4*k - 264. Let u = t - 71. What are the prime factors of u?
59
Suppose 0 = 2*w + 4*p - 3856, -7*w + 5*p + 9610 = -2*w. What are the prime factors of w?
2, 13, 37
Let b be -1 + 2/(-8)*0. List the prime factors of 1/((-6)/192*(b - 0)).
2
Suppose 331 - 67 = 4*a. Let y = 1 + 1. Suppose -l - a = -y*l. What are the prime factors of l?
2, 3, 11
Suppose -2*k - 312 = 3*j, 5*j - 2*k + 520 = k. Let l = j + 121. What are the prime factors of l?
17
Let z be (-1 + -6 - -4)*-1. Suppose -15*n = -10*n - 10. Suppose n*o - 6 = 0, -4*o = -k + 17 - z. What are the prime factors of k?
2, 13
Suppose -4*q = 3*b - q - 1620, 3*q = -5*b + 2704. What are the prime factors of b?
2, 271
Let g be 1866/9*9/12*-2. Let o = -210 - g. List the prime factors of o.
101
Let f be (-189)/(-12)*(-80)/(-6). Suppose -r - 5*r = -f. What are the prime factors of r?
5, 7
Let c(o) = o**3 + 7*o**2. Let w be c(-7). Let s(y) = y**3 - y**2 + y + 4. Let l be s(w). Suppose -3*b + l*b - 34 = 0. What are the prime factors of b?
2, 17
Suppose b + 3 = -5*u + 119, 0 = b - u - 110. Let o = -22 + b. What are the prime factors of o?
89
Let q(h) = 28*h + 2. Let b = -19 - -21. What are the prime factors of q(b)?
2, 29
Let q(w) = -w**3 - 8*w**2 - w - 9. Let a be q(-8). Let l be (2 + -3)/(a/(-2)). Let n(x) = -13*x + 4. List the prime factors of n(l).
2, 3, 5
Suppose -1280 = -10*l + 5*l. Suppose b = -3*b + l. Let k = b + -21. What are the prime factors of k?
43
Let m(h) = h**3 + h**2 - 2*h. Let s be m(0). List the prime factors of s - -9*((-2)/2 + 2).
3
Suppose 2*t + 3 = -o, 7 = 2*o - 2*t - 5. Suppose -3*n + o*p - 3 = n, 0 = -5*n + p + 10. Suppose -33 = -n*z + 111. What are the prime factors of z?
2, 3
Suppose s - 3*m - 739 = -0*s, -2916 = -4*s + 4*m. List the prime factors of s.
2, 181
Suppose 2*u + 5 = u. List the prime factors of (u/(20/1112))/(-2).
139
List the prime factors of (-176350)/(-175) + 4/14.
2, 3, 7
Let u(r) be the second derivative of -r**5/20 + 3*r**4/2 + 9*r**2/2 - 13*r. Let s be u(18). Suppose s*y = 10*y - 13. What are the prime factors of y?
13
Let q(y) = 2*y**3 - 64*y**2 + 28*y + 14. What are the prime factors of q(33)?
2, 19, 41
Suppose -8*u + 1263 = -7*u + 4*c, 5*c + 10 = 0. What are the prime factors of u?
31, 41
Let p be 78*2*(-3)/6. Let h = -20 - p. Suppose h = 2*j + 2. What are the prime factors of j?
2, 7
Let z(n) = -n**3 - 25*n**2 - 68*n + 10. What are the prime factors of z(-23)?
2, 3, 43
Let k = 2685 + -1889. What are the prime factors of k?
2, 199
Let r(a) = 12*a + 11*a + 2 - 4 - 2*a**2 - 11*a. Let p be r(7). What are the prime factors of (1/(-2) - 2)*p?
2, 5
Let m(w) = -28*w + 1. Let y be m(-1). Suppose -h + 9 = -y. Let x = -14 + h. List the prime factors of x.
2, 3
Suppose 4*k - 21 = 871. What are the prime factors of k?
223
Let a(f) = 58*f + 164. List the prime factors of a(20).
2, 331
Let u(i) = i**3 - 19*i + 3. Let y be (1 - 5/2)*-2*2. List the prime factors of u(y).
3, 5, 7
List the prime factors of 10/(-4)*40/25 - -2074.
2, 3, 5, 23
Let b be (1 - 3)*21/14. Let x(c) = -17*c - 2. What are the prime factors of x(b)?
7
Let o = -6 + -1. Let d be 65 - (-4)/((-12)/9). Let u = d + o. What are the prime factors of u?
5, 11
Let w be (-1)/(-1 + (2 + -2)/(-2)). Let v(n) = 13*n**2 - n - 1. What are the prime factors of v(w)?
11
Let l be (1 + (-1)/3)*27/2. Suppose l*w - 747 = 153. What are the prime factors of w?
2, 5
Suppose 2*b + 2 = 4*b. What are the prime factors of (-3)/b + (-5)/((-15)/183)?
2, 29
Let l = -642 + 1100. List the prime factors of l.
2, 229
Let k(w) = -w**3 - 14*w**2 - 16*w - 19. Let j be (0 - 6 - 3) + -1. Let v be j + 2 + (-10)/2. What are the prime factors of k(v)?
2, 5
Let c = -1 + 8. Let s = c + -3. Suppose 0 = -5*b + 20, f - s*b + 20 = 2*f. What are the prime factors of f?
2
Suppose -24*q = 16721 - 61169. List the prime factors of q.
2, 463
Let i(k) = 6*k**2 + 0*k**3 + 2*k**3 - 3*k - 4*k**3 + 4*k. Let m be i(-4). Suppose 0 = -c + 5*c - m. What are the prime factors of c?
5, 11
Let i be (-1)/(-2) + 275580/40. What are the prime factors of 2/(-11) + i/143?
2, 3
Suppose 0 = 4*o + 3*v - 10956, 2*o - 5496 = 12*v - 9*v. List the prime factors of o.
2, 3, 457
Let g(z) = -98*z - 222. What are the prime factors of g(-17)?
2, 19
Suppose 251 + 510 = f - x, x = -4*f + 3064. What are the prime factors of f?
3, 5, 17
Let g(q) = -4*q - 23. Let m be g(-7). Suppose -3*j + 409 = -s + 6*s, m*s + 20 = 0. What are the prime factors of j?
11, 13
Suppose -3*g + 144 + 24 = 0. Let r = 4 - g. Let a = -25 - r. List the prime factors of a.
3
Suppose -7*g = -52 - 25. Let d(k) = 2*k**2 - 13*k - 5. What are the prime factors of d(g)?
2, 47
Suppose 312 = -w + 7*w. Let r = w - 1. What are the prime factors of r?
3, 17
Suppose 0 = -3*h - u + 6, -2*h + 0*h - 3*u - 3 = 0. Suppose 4*a = w + h*a + 5, 0 = 5*w - 4*a + 25. Let b = w + 21. List the prime factors of b.
2
List the prime factors of (-9232)/80*(-21 + 1).
2, 577
Suppose 0 = z + 3*z - 76. Suppose -5*j = y - z, -20 = 2*y - 7*y. Suppose j*h = -2*h + 105. What are the prime factors of h?
3, 7
Suppose -3*t = 3*j + 90, -j + 4*j + 74 = 5*t. Let u = j + 30. What are the prime factors of (u/6*183)/1?
61
Suppose 4*p = -2*k - 0*k - 272, 12 = 3*k. Let s = p - -144. What are the prime factors of s?
2, 37
Let c(p) = -158*p**3 - p**2 - 4*p - 4. What are the prime factors of c(-1)?
157
Let x be 361 + (-3 - (-6 + 4)). Suppose -4*q = -3*k - 291, 2*q + 3*q = 5*k + x. List the prime factors of q.
3, 5
Suppose -70 = -3*k - 2*z + 175, 4*k + 2*z = 326. Let p = 7 - 4. Suppose -k = -0*o - p*o. List the prime factors of o.
3
What are the prime factors of (-2)/(-6) + (20930/21 - -12)?
1009
Suppose 4*z - 10 = -5*x, -2*x = -z - 4 - 0. Suppose -h = x*b - 4*b + 2, 3*b + 3*h = -6. Suppose -9 + b = -3*y. List the prime factors of y.
3
Let s = 11 + -6. Suppose p - 3*b + 2*b = 31, s*p - 143 = b. Suppose -q - p + 91 = 0. What are the prime factors of q?
3, 7
Suppose 0 = 2*p + 3*p - 145. Suppose -p + 12 = -u. What are the prime factors of u*(-4)/(-4) - -3?
2, 5
Let p = -266 + 626. List the prime factors of p.
2, 3, 5
Suppose -4*r = 2*r. Suppose 5*m - 699 = -2*d + 442, r = 5*m + 5*d - 1150. What are the prime factors of m?
227
Let g = 3 - -40. Suppose -4*n - 9 = -n, 0 = k + 4*n - g. List the prime factors of k.
5, 11
Let z = -8 + 8. Let d(j) be the second derivative of -j**4/12 + j**3/6 + 2*j**2 - 5*j. What are the prime factors of d(z)?
2
Let s = -95 + 473. List the prime factors of s.
2, 3, 7
Let d = -59 - -78. Suppose 5*y + d = 3*b - 95, -2*b = -3*y - 75. List the prime factors of b.
3, 11
List the prime factors of ((-2920)/(-7))/(116/406).
2, 5, 73
Suppose -4*n = -2*n - 22. Let k(y) = y**3 - 10*y**2 - 11*y + 27. What are the prime factors of k(n)?
3
Let z be (-750)/(-12) - (-2 + 9/6). Let a = 103 - z. What are the prime factors of a?
2, 5
Let r be ((-30)/(-12))/(1/2). Suppose -5*x - 5*v = -1450, -x + 3*x - r*v = 566. List the prime factors of x.
2, 3
Let i(y) = y**2 + y + 80. Suppose 5*m - 11 = -3*o + 4, 0 = -m + 3. Let l be i(o). Suppose -8*a = -3*a - l. List the prime factors of a.
2
Let f = -76 + 56. Let m = f + 164. List the prime factors of m.
2, 3
Let q(l) = l**3 - 6*l**2 + 3*l - 5. Let v = -5 - -4. Let b be (-4)/v + (-3 - -5). What are the prime factors of q(b)?
13
Let b(v) = -415*v + 31. List the prime factors of b(-2).
3, 7, 41
Let o(i) be the first derivative of -i**4/4 + i**2 + 109*i - 13. What are the prime factors of o(0)?
109
Let l(g) = 11*g - 9. Let d be l(-1). List the prime factors of (-3795)/d + 6/(-8).
3, 7
Suppos